1.
3, 7, 2011
List the prime factors of 4002406.
2, 29, 151, 457
What are the prime factors of 2241015?
3, 5, 7, 3049
List the prime factors of 3407052.
2, 3, 11, 53, 487
List the prime factors of 8835538.
2, 4417769
List the prime factors of 553797.
3, 43, 53
List the prime factors of 725564.
2, 7, 25913
List the prime factors of 193897.
11, 17627
What are the prime factors of 2775060?
2, 3, 5, 571
List the prime factors of 2123248.
2, 131, 1013
What are the prime factors of 19768097?
401, 49297
List the prime factors of 110954.
2, 29, 1913
List the prime factors of 2660525.
5, 7, 23, 661
List the prime factors of 7984592.
2, 7, 11, 6481
What are the prime factors of 1017132?
2, 3, 84761
What are the prime factors of 12590080?
2, 5, 2459
What are the prime factors of 768745?
5, 153749
List the prime factors of 430020.
2, 3, 5, 2389
List the prime factors of 719400.
2, 3, 5, 11, 109
List the prime factors of 275409.
3, 71, 431
What are the prime factors of 10058073?
3, 71, 47221
What are the prime factors of 672920?
2, 5, 16823
List the prime factors of 1306607.
23, 56809
List the prime factors of 3105067.
7, 17, 97, 269
List the prime factors of 87723.
3, 19
List the prime factors of 1683.
3, 11, 17
List the prime factors of 340150.
2, 5, 6803
What are the prime factors of 145152?
2, 3, 7
What are the prime factors of 180211?
180211
What are the prime factors of 459004?
2, 7, 13, 97
List the prime factors of 239589.
3, 7, 3803
What are the prime factors of 3401682?
2, 3, 566947
List the prime factors of 668116.
2, 19, 59, 149
What are the prime factors of 410228?
2, 7, 13, 23
What are the prime factors of 72374?
2, 36187
What are the prime factors of 4330880?
2, 5, 67, 101
List the prime factors of 10332188.
2, 89, 29023
List the prime factors of 366496.
2, 13, 881
What are the prime factors of 118250?
2, 5, 11, 43
What are the prime factors of 21446388?
2, 3, 595733
What are the prime factors of 957219?
3, 17, 137
What are the prime factors of 3829237?
3829237
What are the prime factors of 2934473?
2934473
List the prime factors of 543074.
2, 7, 38791
List the prime factors of 2128464.
2, 3, 13, 379
What are the prime factors of 1868443?
1868443
List the prime factors of 3224636.
2, 806159
List the prime factors of 1304067.
3, 434689
List the prime factors of 6947141.
19, 365639
What are the prime factors of 856148?
2, 193, 1109
List the prime factors of 584000.
2, 5, 73
What are the prime factors of 16662857?
1543, 10799
What are the prime factors of 4785177?
3, 17, 93827
List the prime factors of 427976.
2, 61, 877
List the prime factors of 616678.
2, 503, 613
What are the prime factors of 204678?
2, 3, 83, 137
What are the prime factors of 7332250?
2, 5, 139, 211
List the prime factors of 1294442.
2, 283, 2287
List the prime factors of 18811579.
41, 458819
List the prime factors of 83182.
2, 11, 19, 199
What are the prime factors of 5483319?
3, 1827773
List the prime factors of 2136741.
3, 131, 5437
What are the prime factors of 3101949?
3, 131, 877
List the prime factors of 10210426.
2, 337, 15149
List the prime factors of 26759681.
13, 97, 21221
List the prime factors of 415290.
2, 3, 5, 109, 127
List the prime factors of 1835734.
2, 41, 61, 367
What are the prime factors of 14840919?
3, 19, 59, 1471
What are the prime factors of 37657?
37657
What are the prime factors of 8878908?
2, 3, 739909
List the prime factors of 877065.
3, 5, 7, 8353
List the prime factors of 13875.
3, 5, 37
List the prime factors of 877814.
2, 7, 62701
List the prime factors of 309341.
83, 3727
What are the prime factors of 2623086?
2, 3, 43, 3389
List the prime factors of 5494723.
13, 17, 23, 47
List the prime factors of 934450.
2, 5, 11, 1699
List the prime factors of 1243610.
2, 5, 23, 5407
What are the prime factors of 374685?
3, 5, 24979
List the prime factors of 152136.
2, 3, 2113
List the prime factors of 653513.
7, 13337
What are the prime factors of 1624286?
2, 797, 1019
List the prime factors of 1684147.
89, 127, 149
List the prime factors of 2816676.
2, 3, 78241
List the prime factors of 16368124.
2, 31, 132001
What are the prime factors of 3827615?
5, 11, 69593
What are the prime factors of 319453?
319453
What are the prime factors of 24007?
24007
What are the prime factors of 390725?
5, 15629
List the prime factors of 489125.
5, 7, 13, 43
What are the prime factors of 167881?
7, 29, 827
List the prime factors of 371404.
2, 11, 23, 367
What are the prime factors of 21605909?
13, 43, 38651
List the prime factors of 20789508.
2, 3, 83, 20873
What are the prime factors of 2495758?
2, 1247879
List the prime factors of 7460738.
2, 359, 10391
What are the prime factors of 744405?
3, 5, 49627
List the prime factors of 298248.
2, 3, 17, 43
What are the prime factors of 589374?
2, 3, 137, 239
What are the prime factors of 108340?
2, 5, 5417
List the prime factors of 4313555.
5, 127, 6793
List the prime factors of 5253645.
3, 5, 71, 4933
List the prime factors of 4782370.
2, 5, 31, 15427
List the prime factors of 574201.
574201
What are the prime factors of 3548821?
311, 11411
List the prime factors of 220680.
2, 3, 5, 613
List the prime factors of 1016408.
2, 127051
List the prime factors of 2984775.
3, 5, 17, 2341
List the prime factors of 836306.
2, 271, 1543
What are the prime factors of 13197538?
2, 23, 379, 757
List the prime factors of 293979.
3, 7, 13999
What are the prime factors of 162314?
2, 81157
List the prime factors of 778730.
2, 5, 43, 1811
What are the prime factors of 2636836?
2, 17, 2281
What are the prime factors of 1362811?
653, 2087
List the prime factors of 10658781.
3, 7, 367, 461
List the prime factors of 346450.
2, 5, 13, 41
List the prime factors of 200217.
3, 66739
List the prime factors of 365204.
2, 7, 13043
List the prime factors of 843985.
5, 23, 41, 179
What are the prime factors of 3717779?
13, 285983
List the prime factors of 406719.
3, 45191
List the prime factors of 24853089.
3, 8284363
List the prime factors of 2440196.
2, 11, 31, 1789
What are the prime factors of 8093299?
263, 30773
List the prime factors of 705796.
2, 7, 13, 277
List the prime factors of 847879.
751, 1129
List the prime factors of 363453.
3, 121151
List the prime factors of 2041644.
2, 3, 11, 15467
List the prime factors of 18420782.
2, 109, 84499
List the prime factors of 604125.
3, 5, 179
What are the prime factors of 733341?
3, 7, 47, 743
What are the prime factors of 130081?
7, 18583
What are the prime factors of 724889?
11, 65899
List the prime factors of 52078.
2, 13, 2003
List the prime factors of 1835242.
2, 41, 22381
List the prime factors of 6444763.
13, 495751
List the prime factors of 15653901.
3, 73, 71479
What are the prime factors of 100435?
5, 53, 379
List the prime factors of 2132265.
3, 5, 142151
List the prime factors of 7341219.
3, 271897
List the prime factors of 274162.
2, 7, 19583
List the prime factors of 4636694.
2, 29, 79943
List the prime factors of 105397.
105397
What are the prime factors of 870141?
3, 290047
What are the prime factors of 1347726?
2, 3, 17, 73, 181
What are the prime factors of 1978152?
2, 3, 11, 59, 127
List the prime factors of 25790278.
2, 12895139
List the prime factors of 1413873.
3, 17, 9241
List the prime factors of 156855.
3, 5, 10457
List the prime factors of 11982815.
5, 13, 184351
What are the prime factors of 668179?
668179
What are the prime factors of 12144520?
2, 5, 303613
What are the prime factors of 2078545?
5, 7, 59387
What are the prime factors of 1329219?
3, 113, 1307
What are the prime factors of 532576?
2, 11, 17, 89
List the prime factors of 34068.
2, 3, 17, 167
What are the prime factors of 24168491?
24168491
What are the prime factors of 559527?
3, 41, 4549
List the prime factors of 415587.
3, 19, 23, 317
List the prime factors of 465226.
2, 457, 509
List the prime factors of 61069.
173, 353
What are the prime factors of 42351?
3, 19, 743
What are the prime factors of 21805362?
2, 3, 44867
What are the prime factors of 3405900?
2, 3, 5, 11353
List the prime factors of 288045.
3, 5, 37, 173
What are the prime factors of 81194?
2, 40597
What are the prime factors of 166424?
2, 71, 293
What are the prime factors of 183728?
2, 11483
What are the prime factors of 5315502?
2, 3, 151,